11025 - 2042?
4543
In base 9, what is 106733 - 24?
106708
In base 3, what is 10 + 1122111021?
1122111101
In base 10, what is 931379 + -4?
931375
In base 15, what is -1 - -cb64?
cb63
In base 3, what is -1002121110010 + 11?
-1002121102222
In base 15, what is -6be3b + 4?
-6be37
In base 2, what is 111011011001110000 - 10101?
111011011001011011
In base 13, what is -34 + -7cc?
-833
In base 15, what is -a + 17a3?
1798
In base 15, what is e - 12676?
-12667
In base 15, what is 197 + -2b5?
-11d
In base 14, what is -2ac - -13c1?
1113
In base 9, what is -302 - -457?
155
In base 12, what is -2 + -7079?
-707b
In base 13, what is 23c76 + 2?
23c78
In base 7, what is 1 + 33266?
33300
In base 6, what is 2313542 + 2?
2313544
In base 8, what is -415673 + -2?
-415675
In base 8, what is 77451 + 0?
77451
In base 2, what is 11 + 101101101001101110?
101101101001110001
In base 14, what is 3898b5 - 5?
3898b0
In base 4, what is 1 + -122211301?
-122211300
In base 10, what is -27797 - 3?
-27800
In base 8, what is -1230 - -142?
-1066
In base 7, what is 4455 - 565?
3560
In base 9, what is 3 + -6830?
-6826
In base 12, what is -8 - 1003?
-100b
In base 8, what is 230675 + 12?
230707
In base 3, what is -2 + 22121121000?
22121120221
In base 11, what is 80a67 - 1?
80a66
In base 15, what is -1 - -1d340?
1d33e
In base 12, what is 0 + 204ab5?
204ab5
In base 13, what is -15 + -535?
-54a
In base 2, what is -10011001000101 + 1?
-10011001000100
In base 3, what is 100 + -11210?
-11110
In base 5, what is -301 - 24133?
-24434
In base 14, what is -31d0 + a9?
-3125
In base 3, what is -12 - -1101112?
1101100
In base 13, what is b - 5575?
-5567
In base 10, what is 900 - -60?
960
In base 6, what is 22502315 + 2?
22502321
In base 10, what is 244 + -241?
3
In base 14, what is -56a + 15?
-555
In base 4, what is -32011110 + 110?
-32011000
In base 9, what is -2 - 803580?
-803582
In base 8, what is -1 + -115061?
-115062
In base 11, what is -4150 - -3?
-4148
In base 13, what is -672 + 2b?
-644
In base 12, what is 251a6a - 0?
251a6a
In base 13, what is 4c57 + 165?
50bc
In base 9, what is -1568 + 22?
-1546
In base 7, what is -16534 + -2122?
-21656
In base 11, what is 461 + 55?
506
In base 13, what is -b0 + 9658?
9578
In base 14, what is -9 + 2230?
2225
In base 13, what is -1546c2 + 6?
-1546b9
In base 16, what is 24 + e3d?
e61
In base 2, what is -1110101100010111 + 11?
-1110101100010100
In base 11, what is -2424 + -9?
-2432
In base 15, what is 1146d0 - 4?
1146cb
In base 15, what is -67469 + 0?
-67469
In base 11, what is -167a746 - 2?
-167a748
In base 16, what is c + -5799?
-578d
In base 13, what is 107702 - -3?
107705
In base 16, what is -3a - -346?
30c
In base 4, what is -1021230233 + 1?
-1021230232
In base 14, what is 0 - 136178?
-136178
In base 11, what is 2 + 143937?
143939
In base 14, what is 5 + -4a21?
-4a1a
In base 4, what is 320 + 102213?
103133
In base 5, what is 423 + 1012?
1440
In base 4, what is -1123 - -223300?
222111
In base 13, what is -29 + 89?
60
In base 4, what is 13200320 - 3?
13200311
In base 2, what is 100 + -1101110111000000?
-1101110110111100
In base 8, what is -13 + 453343?
453330
In base 13, what is -b396 - 2?
-b398
In base 16, what is 2fa76 + 3?
2fa79
In base 4, what is 13320 + -11113?
2201
In base 9, what is 8 - 425?
-416
In base 14, what is 337 + -65a?
-323
In base 5, what is 433101 + 1111?
434212
In base 15, what is 5816 - 14?
5802
In base 9, what is -320 + -44?
-364
In base 5, what is -32402 - -12411?
-14441
In base 6, what is -2510140 + -1?
-2510141
In base 2, what is -1101110111001111 - -100?
-1101110111001011
In base 9, what is 4 - 37333?
-37328
In base 14, what is -52b2d + 3?
-52b2a
In base 3, what is 121121200 - -110001?
122001201
In base 8, what is -130455 + 2?
-130453
In base 13, what is -14578 - -10?
-14568
In base 12, what is a3 - 1285?
-11a2
In base 9, what is 1671 - 30?
1641
In base 2, what is 1 + 101011001000001000?
101011001000001001
In base 16, what is -6f1 + -4?
-6f5
In base 8, what is 6 + -374673?
-374665
In base 6, what is 4502334 - 3?
4502331
In base 13, what is -5478 + 0?
-5478
In base 14, what is -5 - 78916?
-7891b
In base 4, what is -10233 + -1020?
-11313
In base 8, what is 5 - 34315?
-34310
In base 8, what is -2 - 26034?
-26036
In base 13, what is 92b - -24a3?
3101
In base 16, what is -1 - -3768b?
3768a
In base 11, what is -103a06 + 1?
-103a05
In base 14, what is 1 - -24b573?
24b574
In base 8, what is 164 - 16606?
-16422
In base 3, what is -20000111121 - 2?
-20000111200
In base 11, what is -71878 - 4?
-71881
In base 10, what is 14193 + 4?
14197
In base 11, what is 88 + 13aa?
1487
In base 9, what is -25227 + 16?
-25211
In base 16, what is 2 + -42f1?
-42ef
In base 7, what is -443 - -103?
-340
In base 2, what is 10 - 11011110011101?
-11011110011011
In base 16, what is -5 - 193b?
-1940
In base 14, what is 792 - -57?
809
In base 11, what is -1228600 - 3?
-1228603
In base 10, what is 34 + 36?
70
In base 7, what is -134600 - 35?
-134635
In base 7, what is 5151 + -34?
5114
In base 2, what is 10000010 + -10?
10000000
In base 9, what is -22 + 3318?
3286
In base 13, what is 23 + 15650?
15673
In base 8, what is 117 + 336?
455
In base 11, what is 1 + -7873?
-7872
In base 6, what is -5 + -3350?
-3355
In base 14, what is 1764 + -480?
12c4
In base 7, what is -3031 + 52?
-2646
In base 8, what is -1546 - -705?
-641
In base 15, what is -4 + -1deba8?
-1debac
In base 12, what is -7b + -232?
-2b1
In base 15, what is 1b78 - b?
1b6c
In base 9, what is 4 - -514511?
514515
In base 12, what is -1231 - -2b?
-1202
In base 8, what is 11 - 56715?
-56704
In base 8, what is -1057237 - -3?
-1057234
In base 3, what is -20 - 2021212002?
-2021212022
In base 13, what is bb68 - 3?
bb65
In base 11, what is -2 + -445598?
-44559a
In base 13, what is -27 + -1707?
-1731
In base 14, what is -6 - -65a1b?
65a15
In base 11, what is 91 + -181?
-a0
In base 10, what is 3167 + 260?
3427
In base 6, what is 513 + 3325?
4242
In base 2, what is 110111 + 100100?
1011011
In base 3, what is 101201022 - -1?
101201100
In base 4, what is -10330112 + 22?
-10330030
In base 5, what is 1 + 1000123?
1000124
In base 2, what is -110000010 + -10011101?
-1000011111
In base 12, what is -82 - 2086?
-2148
In base 4, what is -1002312003 - -11?
-1002311332
In base 8, what is 511 - -1246?
1757
In base 5, what is 24 + 114414?
114443
In base 6, what is 342040 - 102?
341534
In base 9, what is -10 - -1601?
1581
In base 4, what is 133332 - 121201?
12131
In base 11, what is 0 - 655?
-655
In base 13, what is -874c - 38?
-8787
In base 4, what is -1111322022 + 0?
-1111322022
In base 15, what is -1 - -292d5?
292d4
In base 16, what is 2c - -30?
5c
In base 13, what is 103b - -33?
1071
In base 12, what is 1 + 38a0b?
38a10
In base 14, what is -17 + -d77?
-d90
In base 5, what is 2 + -3043443?
-3043441
In base 4, what is 12 - 12031012?
-12031000
In base 13, what is -334 - -35?
-2cc
In base 8, what is 2 - 24321?
-24317
In base 16, what is -5ff - -134?
-4cb
In base 6, what is 1051130 + 22?
1051152
In base 7, what is -16501 - -16?
-16452
In base 12, what is -17 + 1041?
1026
In base 16, what is 247 + 1e0?
427
In base 7, what is 2 + 223611?
223613
In base 3, what is 1100212 - 10110?
1020102
In base 11, what is 3 + 19836?
19839
In base 7, what is 124 + 4620?
5044
In base 13, what is 65 - -17b?
213
In base 8, what is 52 + 444?
516
In base 8, what is 3 + -404202?
-404177
In base 10, what is 96 - -15144?
15240
In base 15, what is 111b + -30?
10db
In base 14, what is -7 - 3bd2c?
-3bd35
In base 3, what is -10 - 1102022?
-1102102
In base 6, what is 113 + 122350?
122503
In base 2, what is -1000000 + -1101011001100?
-1101100001100
In base 12, what is -b7 + -458b?
-4686
In base 15, what is bb57a + 0?
bb57a
In base 9, what is -3222 + 38?
-3173
In base 9, what is 2 - 6817?
-6815
In base 4, what is -1 - 232313122?
-232313123
In base 4, what is -10200132313 - -1?
-10200132312
In base 10, what is -9 + 1704?
1695
In base 5, what is -1410 - 10040?
-12000
In base 11, what is 7842a0 + 1?
7842a1
In base 13, what is -7 - -2645?
263b
In base 7, what is -6 + 1525214?
1525205
In base 11, what is 2 - 40a?
-408
In base 16, what is 1d445 + 7?
1d44c
In base 16, what is -2 - ff?
-101
In base 5, what is -1 - -12114133?
12114132
In base 16, what is -53958 + 2?
-53956
In base 